*m - 841, 5*m - r = -o. List the prime factors of o.
2, 211
Let d = 201772 + -114909. What are the prime factors of d?
7, 12409
Let s = -65182 - -138687. What are the prime factors of s?
5, 61, 241
Suppose -5*d + 0*o + 7203 = 3*o, 2*d - 2881 = -o. Let m = d - 892. List the prime factors of m.
2, 137
Suppose 18*v = -v + 6631. Suppose h - 4*f - v = 0, -7*h + 3*h + 2*f + 1466 = 0. List the prime factors of h.
3, 41
Let h(f) = 473*f + 313. List the prime factors of h(16).
3, 37, 71
What are the prime factors of 41741 - (-6)/8*(-1776)/(-333)?
3, 5, 11, 23
Let p(w) = w**2 + 11*w + 5. Let v be p(-11). Suppose 2*y - v*c = 236, -c - 354 = -3*y + c. Suppose -11*a = -13*a + y. List the prime factors of a.
59
Let a = 219 + -234. List the prime factors of (-858)/55*25/a.
2, 13
Suppose 0 = -4*a - t - 5, a + 4*t = -0*a - 20. Let s be a/(2/4*-6). Suppose -3*v + 2*v + 4*x + 3 = s, 2*x = 8. List the prime factors of v.
19
What are the prime factors of 1679850/1125 - 1*2/10?
1493
Let m = 43 + -39. Suppose n + 230 = 5*u, -m*u + 2*u = n - 92. Let i = u + -34. What are the prime factors of i?
2, 3
Suppose -2*l = 3*k - 14390, l + 16883 - 2478 = 3*k. What are the prime factors of k?
2, 3, 5
Suppose -3*u + 2*u - h + 5 = 0, -3*u = 5*h - 17. Suppose u*i - 54 = i. Let k = 57 + i. What are the prime factors of k?
3, 5
Suppose o = -24 + 27. Suppose 2 = -o*d + 2*d, 0 = 2*t - 2*d - 222. What are the prime factors of t?
109
What are the prime factors of (-3074)/87*1/2*(-259 + 1)?
2, 43, 53
Suppose -10*o - 4 = -11*o. Let c be 579 - (28/o + -3). Suppose -4*u + c = u. What are the prime factors of u?
5, 23
Let c = -7269 - -7393. Suppose -5*y = -7*i + 3*i - 3604, 5*i = 3*y - 2165. Suppose 4*u = -5*d + 9*u + y, d = 5*u + c. What are the prime factors of d?
149
Let c(h) = -15*h - 35. Let x be c(-6). Let o = -25 + x. Suppose -17*t + 7*t + o = 0. List the prime factors of t.
3
Let t(c) = 5*c**2 + 19*c - 36. Let r(q) = -q**2 - 1. Let l(n) = 6*r(n) + t(n). Let g be l(24). Let p = 260 + g. List the prime factors of p.
2, 7
Let k = -110 - -96. Let x be (-10)/4*(0 + -2). List the prime factors of 738/x - k/35.
2, 37
Let f = 9375 - -14008. What are the prime factors of f?
67, 349
Let t(s) = 2*s**2 + 4*s - 1. Let x be t(-2). Let y be 0*x/(-4) - -200. Suppose r + 3*r = y. What are the prime factors of r?
2, 5
Let z = -13012 - -14126. List the prime factors of z.
2, 557
Let u(j) = -4*j + 32. Let q be u(7). Suppose 4*v = q, -2*o + 1693 = o + v. What are the prime factors of o?
2, 3, 47
Suppose 5*s - 103 = 2*w, w + w = 2. Suppose 465 = 5*u - n - s, n + 192 = 2*u. Suppose -2*b - 5*k = -197, -2*k = -3*b + 4*b - u. List the prime factors of b.
2, 3
Let h = -1476 + 2203. Suppose 0 = -8*g - h - 457. Let v = 211 + g. List the prime factors of v.
3, 7
Let r = -383 - -486. Suppose 0 = r*d - 109*d + 3576. What are the prime factors of d?
2, 149
Let d = 15657 + -10654. List the prime factors of d.
5003
Let h = -4020 + 21417. List the prime factors of h.
3, 1933
What are the prime factors of (-169236)/(-17) - 1/17?
5, 11, 181
Let a = 18 + -18. Suppose -4*b + a*b + 4 = 0. What are the prime factors of ((-28)/(-20) - b)*45?
2, 3
Let y be 1/(-2)*(-49 + 49). Suppose 5*x + 5 + 0 = 0, 3*p - x - 1870 = y. What are the prime factors of p?
7, 89
Let b = -1014 + 442. Let a = b + 1464. What are the prime factors of a?
2, 223
Let o be (4/3)/(-2) + 11240/12. Let g = -326 + o. List the prime factors of g.
2, 5, 61
Suppose -5*l + 43 = -4*a, a + 9 - 42 = -5*l. Suppose 0 = l*i + 18*i - 7525. List the prime factors of i.
7, 43
List the prime factors of (-363711)/(-287) + 4/(-14) - -2.
3, 47
Let u(w) = 5*w - 2. Let i be u(3). Let x(v) = v**3 + 4 + 9 - i*v**2 + 9*v + 18. List the prime factors of x(13).
2, 37
Let j = 307 - 115. What are the prime factors of j*-36*(-5)/40?
2, 3
Let h(s) = 82*s**2 - 12*s - 125. List the prime factors of h(-6).
13, 223
Let q be -1*(7 + -4) + 42. Let t = 44 - q. Suppose -4*l = 0, -27 = 2*b - t*b - 3*l. List the prime factors of b.
3
Let g(n) = 34*n**3 - 16*n**2 + 32*n - 68. What are the prime factors of g(11)?
2, 3, 13, 43
Let z = 8512 - 1449. What are the prime factors of z?
7, 1009
Let k = -846 + 1508. Suppose -5*i - 3*q = -1121, -4*i - 2*q = -234 - k. List the prime factors of i.
223
Let x = 50843 + -32515. List the prime factors of x.
2, 29, 79
Suppose 5*b = -2*c + 6056 + 6269, 2*b - 18460 = -3*c. What are the prime factors of c?
2, 3, 5, 41
Suppose 0 = 5*y - j - 263724, -3*j = -2*y + 134069 - 28595. What are the prime factors of y?
2, 3, 59, 149
Let a = -334 - -334. Suppose a = -4*f - 5*o + 4*o + 2165, -o = -3*f + 1629. What are the prime factors of f?
2, 271
Let o(n) be the first derivative of 567*n**4/2 - n**3/3 - n**2 + 3*n + 9. List the prime factors of o(1).
2, 3, 7
Let a be (-213)/(-21) + -10 + 26/14. Suppose -888 = -p - q - 4*q, -q - a = 0. List the prime factors of p.
2, 449
Suppose -2*x = 5*x. Suppose x*i = -16*i + 1520. What are the prime factors of i?
5, 19
Let v = -486 + 1404. Suppose -10*r + 15*r = m + 1152, -4*r - m + v = 0. What are the prime factors of r?
2, 5, 23
Let h = -93 - -97. Suppose 2*j - h = 2, 4*q - 4*j - 4 = 0. Suppose 5*w + 395 = 5*g, 0 = q*g - 0*g - 2*w - 314. What are the prime factors of g?
2, 3, 13
Let l = -9440 + 13302. What are the prime factors of l?
2, 1931
Let i(n) = 904*n - 751. List the prime factors of i(4).
3, 5, 191
Let j(n) = 1354*n + 36. List the prime factors of j(3).
2, 3, 683
Suppose -x - 3*y - 15 = -17, 0 = 4*x + 3*y - 8. Suppose 0 = 5*v + 4*l - 3329, -1024 = -x*v + l + 305. List the prime factors of v.
5, 7, 19
Let w(t) = -2*t**3 - 15*t**2 - 6*t + 29. Let g be w(-11). Suppose 12*n = 8*n + 3*q + g, 5*n - 1162 = -4*q. List the prime factors of n.
2, 3, 13
Suppose 4*f + 32 = 0, -f = 2*i + 28356 - 79152. What are the prime factors of i?
2, 13, 977
Let k(h) = 7*h**2 + h - 3. Let j be k(4). Let v = j - 3. Suppose -v = -o - o. What are the prime factors of o?
5, 11
Let t be ((-260)/(-104))/((-1)/(-4)). What are the prime factors of (-1 + -2 - -5)/(t/5165)?
1033
Let y(a) = a**2 - 3*a - 14. Let n be y(6). List the prime factors of -1 + 191 - (n + -5 + 2).
3, 7
List the prime factors of 1/(-3) - (-2750596)/633.
5, 11, 79
Let k(y) = 2*y**3 - y**2 + 15. Let r be k(6). Suppose -4*o = -3*c + r, -4*c = -5*o - 7 - 540. List the prime factors of c.
7, 19
Suppose -2*i + 5*p - 7*p + 4 = 0, 1 = p. What are the prime factors of i + (-2)/(2/(-455))?
2, 3, 19
Let o(i) = 257*i + 4. Let a be o(6). Suppose -a = -5*l - 171. List the prime factors of l.
5, 11
Suppose 0 = -11*d + 86172 + 149899. What are the prime factors of d?
11, 1951
Let k be 6 - ((-3 - -3) + 13). Let s(o) = -61*o + 96. What are the prime factors of s(k)?
523
Suppose 4*d - n - 95710 = 0, -190*n = -194*n + 24. What are the prime factors of d?
23929
What are the prime factors of 1 + 1456 - (9 + -5) - -1?
2, 727
What are the prime factors of 13/(-130) + (-279105)/(-50)?
2, 2791
Suppose 669*z - 707*z + 55974 = 0. List the prime factors of z.
3, 491
Suppose m - 2*h = -15, m - 5*h + 11 = -4*h. Let o(g) = -3*g - g - g + 31 - g**2. List the prime factors of o(m).
17
Suppose -4*i = -c + 19448, 3*i - 3346 + 22787 = c. List the prime factors of c.
2, 5, 971
List the prime factors of 182790/33 + 3/(-33).
29, 191
Suppose 27*a = 20*a + 12313. List the prime factors of a.
1759
Let m(f) = 8*f**3 + 10*f**2 + 110*f - 104. List the prime factors of m(17).
2, 5, 7, 157
Let m = -2131 - -3627. What are the prime factors of m?
2, 11, 17
Suppose 4*u + 3*q + 74 = -44, 32 = -u - 2*q. Let y(f) = -f**3 - 26*f**2 + 33*f + 23. List the prime factors of y(u).
23, 29
Let n(p) = 9*p**2 + 34*p + 955. What are the prime factors of n(-55)?
2, 3, 5, 877
Let m be (-1)/((-2*(-12)/80)/(-3)). What are the prime factors of (-1340)/(-64)*m - (-21)/(-56)?
11, 19
Let t(a) = -13*a**3 - 4*a**2 + 13*a + 119. List the prime factors of t(-4).
5, 167
Let z be -6 - (-6 - -42)/(-4). Suppose 5*o - 553 = -3*u, -z*o = -0*u + 3*u - 549. List the prime factors of u.
181
Let w be -1 - (3 - 0) - -8. Suppose -w = 4*y - 4*p, -2*y - 4 = -2*p + p. What are the prime factors of y/2*1650/(-45)?
5, 11
Let k(b) be the third derivative of 11*b**4/12 + 31*b**3/3 + 3*b**2 + 5*b. What are the prime factors of k(3)?
2
Suppose -733*w = -751*w + 333846. List the prime f